. Determine q(-81).
2
Let m(i) = -145*i + 1018. Determine m(7).
3
Let z(i) = i**2 + 26*i + 262. Give z(-11).
97
Let i(w) = 2*w**3 + 76*w**2 + 74*w + 52. Give i(-37).
52
Let b(g) = -736*g - 323838. Calculate b(-440).
2
Let j(l) = -l**3 - 9*l**2 - 56*l - 38. Give j(-4).
106
Let y(v) = -589*v - 61844. Determine y(-105).
1
Let n(u) = -u**2 + 11*u + 152. Give n(-9).
-28
Let a(i) = 46*i**2 - 10*i + 18. Calculate a(2).
182
Let y(b) = b**2 + 39*b - 26. What is y(-37)?
-100
Let w(u) = u**3 + 38*u**2 - 89*u - 1674. Give w(-39).
276
Let b(v) = -679*v - 3369. Calculate b(-5).
26
Let s(c) = -c**2 + 27*c + 1200. Calculate s(49).
122
Let s(a) = 4*a**2 + 23*a + 146. Give s(-4).
118
Let q(o) = 47*o + 139. Determine q(-4).
-49
Let l(r) = -17*r + 131. Give l(7).
12
Let y(q) = -201*q + 10670. What is y(53)?
17
Let j(m) = 2*m**2 + 30*m - 17752. Give j(-102).
-4
Let n(v) = -2*v**2 - 42*v + 163. Calculate n(-25).
-37
Let u(y) = -2*y**3 + 2*y**2 + 218*y - 11. Determine u(-10).
9
Let r(n) = -3*n**3 + 3*n**2 + 24*n - 40. Determine r(6).
-436
Let w(i) = 2*i**3 + 164*i**2 - 166*i - 12. Give w(-83).
-12
Let o(l) = 498*l + 58739. Give o(-118).
-25
Let b(w) = -w**3 + 8*w**2 + 60*w - 464. Calculate b(7).
5
Let v(w) = -2869*w + 11487. Determine v(4).
11
Let w(g) = g**2 + 33*g + 47. What is w(-37)?
195
Let u(x) = -5*x**3 - 120*x**2 - 9*x + 55. Determine u(-24).
271
Let p(j) = 3*j**3 - 40*j**2 - 13*j - 67. Give p(14).
143
Let u(j) = j + 104. Give u(-102).
2
Let k(y) = 101*y - 1708. What is k(17)?
9
Let d(v) = -2*v**3 + 71*v**2 + 34*v + 112. Determine d(36).
40
Let f(s) = s**3 + 30*s**2 + 30*s - 50. Determine f(-29).
-79
Let q(x) = 8*x**2 + 158*x - 30. Determine q(-20).
10
Let h(m) = -5*m**2 - 42*m + 89. Calculate h(-8).
105
Let q(x) = x**3 - 82*x**2 + 299*x + 1006. Determine q(78).
-8
Let m(n) = -8*n**2 + 12*n - 16. Give m(3).
-52
Let a(t) = t**3 - 15*t**2 + 49*t - 2. Calculate a(10).
-12
Let a(g) = -9*g**2 - 1125*g + 1135. What is a(-126)?
1
Let c(l) = l**3 - 6*l**2 + 5*l + 11. Calculate c(7).
95
Let w(k) = k**3 - 14*k**2 - 13*k - 22. Calculate w(15).
8
Let j(g) = -g**3 - 18*g**2 + 66*g + 37. Calculate j(-21).
-26
Let q(c) = c**3 - 7*c**2 + 33*c - 108. Determine q(6).
54
Let s(m) = -m**2 - 77*m - 162. Calculate s(-75).
-12
Let m(g) = -g**3 - 12*g**2 - 12*g - 4. Determine m(-11).
7
Let i(y) = -y**3 + 14*y**2 + 15*y + 11. Determine i(15).
11
Let u(l) = -132*l - 2620. Calculate u(-20).
20
Let i(o) = -7*o**2 + 293*o + 278. Give i(43).
-66
Let z(r) = 165*r**3 + 3*r**2 - 1. What is z(1)?
167
Let s(h) = -18*h - 68. Determine s(11).
-266
Let k(c) = 101*c - 380. What is k(4)?
24
Let g(f) = -256*f - 1795. Give g(-7).
-3
Let k(j) = 145*j - 1185. Determine k(6).
-315
Let x(i) = 163*i**2 + 335*i - 4. Give x(-2).
-22
Let l(f) = 16*f**2 - 86*f + 109. Give l(3).
-5
Let q(j) = -j**2 + 34*j + 124. Calculate q(38).
-28
Let q(d) = -40*d - 1030. Give q(-43).
690
Let j(k) = 15*k**3 - 4*k**2 - 22*k - 17. Give j(-1).
-14
Let w(y) = -210*y - 2107. Calculate w(-10).
-7
Let g(n) = 18*n**2 - 116*n + 46. Determine g(8).
270
Let c(q) = -q**3 + 38*q**2 + 44*q - 113. Determine c(39).
82
Let o(r) = -47*r**2 + 1736*r + 116. What is o(37)?
5
Let g(d) = 4*d**2 + 12*d - 113. What is g(-7)?
-1
Let c(o) = 1838*o - 216889. What is c(118)?
-5
Let k(x) = x**2 + 8*x + 93. Give k(-10).
113
Let y(u) = -9*u**3 - 2*u**2 + 163*u - 162. Calculate y(1).
-10
Let w(r) = 2*r**2 + 95*r - 701. Calculate w(-55).
124
Let v(d) = 297*d - 9204. Give v(31).
3
Let s(w) = -2*w**3 + 9*w**2 - 8*w + 10. Determine s(4).
-6
Let n(x) = 3*x**2 + 19*x + 28. Calculate n(-4).
0
Let k(i) = 92*i - 12. What is k(1)?
80
Let r(u) = -3*u**3 + 28*u**2 + 20*u + 2. Calculate r(10).
2
Let g(v) = -v**3 - 36*v**2 - 110*v + 566. Give g(-32).
-10
Let p(c) = c**2 + 31*c + 209. What is p(-11)?
-11
Let p(l) = -72*l + 26. What is p(-1)?
98
Let i(m) = -m**2 + 5*m + 106. What is i(10)?
56
Let k(u) = -u**3 + 15*u**2 - 3*u - 1. Give k(15).
-46
Let v(o) = 3*o**2 + 260*o + 1157. Give v(-82).
9
Let h(c) = -10*c - 510. What is h(-53)?
20
Let o(r) = 2133*r + 121587. Determine o(-57).
6
Let w(p) = 117*p + 382. What is w(-4)?
-86
Let y(g) = g**3 - 127*g**2 - 141*g + 1689. What is y(128)?
25
Let l(s) = -148*s - 14651. Give l(-99).
1
Let k(z) = -2*z**2 - 1086*z - 99681. Give k(-426).
3
Let k(l) = l**3 + 3*l**2 + 17*l - 108. Determine k(3).
-3
Let h(r) = 45*r - 79. Give h(4).
101
Let i(a) = a**2 - 210*a - 23935. Give i(-82).
9
Let m(j) = -j**3 + 10*j**2 - 64*j + 504. Determine m(9).
9
Let f(z) = 232*z + 2084. Give f(-10).
-236
Let g(o) = -15*o - 148. Give g(-8).
-28
Let l(f) = -f**2 - 43*f + 198. Determine l(-46).
60
Let h(i) = 5*i**2 - 6*i - 71. Determine h(5).
24
Let l(f) = -2*f**3 + 63*f**2 - 49*f + 558. Give l(31).
0
Let l(m) = m**3 + 28*m**2 - 16*m - 152. Calculate l(-29).
-529
Let d(n) = -266*n - 12582. Determine d(-47).
-80
Let a(k) = -2*k**2 - 76*k - 696. What is a(-18)?
24
Let o(v) = v**3 + 16*v**2 + 44*v - 7. Calculate o(-12).
41
Let l(a) = 2*a**2 + a - 6. Determine l(3).
15
Let d(c) = 44*c**2 - 31*c - 31. Determine d(-1).
44
Let g(n) = 6*n**2 + 70*n - 35. Determine g(-11).
-79
Let j(u) = u**2 - 158*u - 327. Calculate j(160).
-7
Let t(x) = 469*x**2 + 16*x - 5. Determine t(-1).
448
Let a(z) = 89*z + 618. Calculate a(-7).
-5
Let c(k) = -k**3 - 7*k + 20. What is c(6)?
-238
Let l(n) = -7*n**2 + 356*n + 56. What is l(51)?
5
Let l(h) = -h**3 + 92*h**2 - 8*h + 678. What is l(92)?
-58
Let z(o) = 2*o**3 + 8*o**2 + 2*o + 2. What is z(6)?
734
Let n(w) = -700*w + 14000. Calculate n(20).
0
Let i(j) = 2*j**2 + 285*j + 656. Determine i(-140).
-44
Let x(o) = 11*o - 330. Calculate x(29).
-11
Let r(p) = -2*p**2 + 5*p - 20. Give r(-9).
-227
Let v(d) = 34*d - 442. Calculate v(13).
0
Let n(h) = -4*h**2 - 239*h - 238. Calculate n(-1).
-3
Let a(p) = -130*p + 13251. Calculate a(102).
-9
Let r(c) = 20*c**2 + 6118*c - 616. What is r(-306)?
-4
Let u(z) = -44*z - 245. Determine u(-6).
19
Let q(r) = 293*r + 351. Calculate q(-1).
58
Let m(j) = 12228*j - 97819. What is m(8)?
5
Let x(z) = z**3 - 4*z**2 - 5*z + 18. Determine x(5).
18
Let j(n) = -n**3 + 154*n**2 + 320*n - 1243. Calculate j(156).
5
Let u(m) = -3*m**2 - 84*m - 245. Calculate u(-3).
-20
Let b(m) = 3*m**2 - 66*m + 257. Determine b(5).
2
Let t(k) = 2*k**3 - 62*k**2 + 367*k - 39. Determine t(9).
-300
Let m(i) = -2*i**2 - 47*i - 98. Give m(-21).
7
Let g(b) = 170*b + 671. Calculate g(-4).
-9
Let n(f) = -27*f - 9. Determine n(5).
-144
Let h(y) = 18*y - 107. Give h(0).
-107
Let b(v) = -244*v + 665. What is b(3)?
-67
Let q(f) = -7*f**2 - 2*f + 1226. Calculate q(13).
17
Let o(f) = -731*f + 1459. Determine o(2).
-3
Let t(s) = -15*s**2 + 14*s - 15. Determine t(-6).
-639
Let m(x) = x**3 - 10*x**2 - 21*x - 33. Determine m(13).
201
Let p(j) = -1123*j**2 + 24*j + 24. Determine p(-1).
-1123
Let t(n) = -n**2 + 7*n - 17. Determine t(6).
-11
Let o(i) = 3*i**2 - 186*i - 227. Give o(63).
-38
Let g(n) = -n**3 - 83*n**2 - 173*n - 888. What is g(-81)?
3
Let q(t) = -7*t + 219. Give q(14).
121
Let x(i) = -23*i + 809. Calculate x(32).
73
Let l(c) = -13*c**2 - 136*c - 61. Give l(-10).
-1
Let k(p) = -3*p**2 + 115*p + 281. Determine k(40).
81
Let s(d) = d**3 - 3*d**2 + 4*d - 12. Determine s(3).
0
Let i(c) = c**2 - 32*c + 6. What is i(0)?
6
Let b(f) = 35*f - 85. What is b(1)?
-50
Let n(q) = -q**3 - 193*q**2 + 801*q + 2562. Calculate n(-197).
1
Let n(z) = -364*z + 5096. Calculate n(14).
0
Let q(u) = 2*u**2 + 17*u + 72. Calculate q(-6).
42
Let j(m) = -65*m**2 + 335*m - 46. What is j(5)?
4
Let m(s) = 94*s - 364. Give m(6).
200
Let y(j) = j**3 + 2*j**2 + 3*j - 67. Give y(-9).
-661
Let f(v) = -145*v - 2789. Determine f(-19).
-34
Let v(b) = -b**2 + 486*b + 5463. Calculate v(-11).
-4
Let v(y) = 12*y - 409. What is v(31)?
-37
Let w(k) = -k**3 + 41*k**2 - 412*k + 1118. What is w(9)?
2
Let a(q) = 4*q**2 + 7*q - 5. What is a(3)?
52
Let v(q) = q**3 - 25*q**2 + 47*q + 2. Calculate v(24).
554
Let r(u) = -2*u**3 + 15*u**2 + 62*u - 1. What is r(0)?
-1
Let t(r) = 5*r**3 - 12*r**2 + 66*r - 10. Determine t(4).
382
Let a(p) = -14*p**2 - 58*p - 30. What is a(-3)?
18
Let b(d) = -3*d**3 - 7*d**2 + 10*d + 13. Give b(-3).
1
Let i(t) = -242*t + 14519. Calculate i(60).
-1
Let d(f) = 86*f - 872. Calculate d(10).
-12
Let g(m) = 967*m - 116. Give g(-1).
-1083
Let z(q) = -61*q - 792. Calculate z